?
True
Is 90186007 prime?
False
Is 9778817 composite?
False
Is 3194837 composite?
False
Is 10608413 a composite number?
True
Is 1302014177 a prime number?
True
Is 101462243 a prime number?
True
Is 1540289 a prime number?
True
Is 7151423 a prime number?
False
Is 49191091 a prime number?
True
Is 8364239 composite?
True
Is 48352453 a composite number?
False
Is 6223705 a composite number?
True
Is 599477 composite?
False
Is 177380837 composite?
True
Is 6822761 a prime number?
False
Is 887253043 composite?
False
Is 32628469 a prime number?
True
Is 13699051 a composite number?
False
Is 58858937 prime?
True
Is 6012238 composite?
True
Is 377477 prime?
True
Is 382561631 composite?
False
Is 46537171 composite?
False
Is 39173237 composite?
False
Is 9592787 a prime number?
False
Is 2627891 prime?
False
Is 15851813 a prime number?
False
Is 7849421 prime?
True
Is 12895261 a composite number?
False
Is 256280669 a prime number?
False
Is 25135819 a composite number?
True
Is 23319577 prime?
False
Is 36692113 prime?
True
Is 8733677 a prime number?
True
Is 12234011 a composite number?
False
Is 12537923 a prime number?
False
Is 4246329983 a prime number?
False
Is 114305627 composite?
False
Is 9148157 composite?
True
Is 1160251 prime?
True
Is 44081 composite?
True
Is 6789737 a composite number?
False
Is 564922 a composite number?
True
Is 16383993 composite?
True
Is 45831301 prime?
True
Is 651767 a composite number?
False
Is 104231537 composite?
False
Is 6193387 composite?
True
Is 3995837 a prime number?
True
Is 210299 composite?
False
Is 181983911 prime?
False
Is 6631871 composite?
False
Is 855329 composite?
True
Is 347973503 a composite number?
True
Is 253898701 a composite number?
True
Is 36702923 a composite number?
False
Is 1485539 a prime number?
False
Is 67571269 a composite number?
False
Is 7263671 composite?
True
Is 435103 prime?
True
Is 149009737 prime?
False
Is 9577093 a composite number?
False
Is 11978605 a prime number?
False
Is 1796413 composite?
False
Is 94983137 a prime number?
True
Is 5587249 composite?
False
Is 1165643 prime?
True
Is 4030307 prime?
False
Is 9263743 prime?
False
Is 170452801 prime?
True
Is 928919 prime?
False
Is 16355177 composite?
False
Is 20717 a composite number?
False
Is 35303155 prime?
False
Is 360089 prime?
True
Is 4364837 prime?
True
Is 1520861 a composite number?
True
Is 100271161 a prime number?
False
Is 176977 composite?
False
Is 455291743 a composite number?
False
Is 22188469 a prime number?
True
Is 11492617 a composite number?
True
Is 5615819 a prime number?
False
Is 81385043 a prime number?
False
Is 122833 a prime number?
True
Is 36453598 a prime number?
False
Is 108823227 a prime number?
False
Is 290929 a prime number?
False
Is 18470249 composite?
True
Is 138108649 a composite number?
True
Is 2142341 prime?
True
Is 502857547 a prime number?
True
Is 125847419 a prime number?
True
Is 1049377 a prime number?
False
Is 162504739 composite?
True
Is 96734401 a composite number?
True
Is 50589577 composite?
True
Is 9817 a composite number?
False
Is 27754082 a prime number?
False
Is 1490627 composite?
False
Is 818903 a prime number?
False
Is 2953393 a prime number?
False
Is 233145487 prime?
False
Is 92037199 a composite number?
True
Is 22785395 composite?
True
Is 12182501 a composite number?
False
Is 2177789 prime?
True
Is 7898003 a prime number?
False
Is 52079791 a prime number?
False
Is 55515121 composite?
False
Is 284133727 composite?
False
Is 1819679 composite?
False
Is 7019773 a prime number?
True
Is 438167 prime?
False
Is 7643191 prime?
True
Is 251607 prime?
False
Is 1180457 composite?
True
Is 2626907 prime?
False
Is 37911 a composite number?
True
Is 2813867 composite?
True
Is 707573 a composite number?
False
Is 114043541 a composite number?
True
Is 27089593 a composite number?
False
Is 17463601 a prime number?
False
Is 53735677 a prime number?
True
Is 59163497 composite?
True
Is 299481821 composite?
False
Is 9000161 a prime number?
False
Is 1895051 a composite number?
False
Is 1713989 a prime number?
True
Is 11249977 prime?
True
Is 10221647 a prime number?
True
Is 4437329 a prime number?
False
Is 19432529 a composite number?
False
Is 46722929 prime?
False
Is 14161409 a composite number?
False
Is 2761831 a prime number?
True
Is 1125253 a prime number?
True
Is 1531337 composite?
False
Is 769547 composite?
False
Is 73381057 prime?
True
Is 3007859 a composite number?
True
Is 10903591 prime?
False
Is 4500779 composite?
False
Is 2628481 composite?
False
Is 3337174 prime?
False
Is 27716159 prime?
False
Is 8100731 a composite number?
False
Is 50446141 a composite number?
True
Is 3611477 a prime number?
True
Is 22565041 composite?
False
Is 2476699 a prime number?
True
Is 281063 composite?
False
Is 94973869 prime?
False
Is 4186869 prime?
False
Is 77556541 a prime number?
False
Is 778663 a composite number?
False
Is 97682363 a prime number?
False
Is 210960901 composite?
False
Is 5536333 a composite number?
True
Is 84764413 prime?
False
Is 199048127 a composite number?
False
Is 2067701 a composite number?
True
Is 921682 composite?
True
Is 877681 a prime number?
False
Is 37209343 a prime number?
False
Is 159504161 prime?
True
Is 16231901 prime?
False
Is 67387571 a prime number?
True
Is 119586907 a prime number?
False
Is 112203971 a prime number?
False
Is 33071921 prime?
True
Is 3946981 composite?
False
Is 7747661 a prime number?
False
Is 26227913 a prime number?
False
Is 91408339 a prime number?
False
Is 1099031 a composite number?
False
Is 203659691 composite?
False
Is 16449817 composite?
False
Is 5903861 composite?
True
Is 34342537 prime?
True
Is 23221741 prime?
False
Is 147273631 prime?
False
Is 262308983 a prime number?
True
Is 2430709 prime?
False
Is 339776831 a composite number?
True
Is 342189682 a composite number?
True
Is 228277 prime?
False
Is 1993787403 prime?
False
Is 36084479 prime?
True
Is 272975747 prime?
False
Is 5202803 a prime number?
False
Is 224185751 prime?
True
Is 585344813 prime?
True
Is 699521 a prime number?
True
Is 142736921 a prime number?
True
Is 2068391609 a prime number?
True
Is 6712445 a composite number?
True
Is 676447279 a prime number?
False
Is 13551073 a composite number?
True
Is 59264957 a prime number?
True
Is 262560119 prime?
True
Is 261114613 a composite number?
False
Is 384611 composite?
False
Is 6376813 prime?
True
Is 17789887 prime?
False
Is 204985331 prime?
True
Is 4593737 prime?
True
Is 64913479 prime?
False
Is 6990317 a composite number?
False
Is 132435599 a composite number?
False
Is 191560547 a prime number?
False
Is 446245601 composite?
False
Is 55871931 prime?
False
Is 2390977 a composite number?
True
Is 3706354 composite?
True
Is 28125103 prime?
True
Is 145803409 composite?
False
Is 2488141 prime?
True
Is 11231209 a composite number?
True
Is 11917678 prime?
False
Is 2175883 a composite number?
True
Is 1226389 a composite number?
True
Is 8302846 prime?
False
Is 65849941 prime?
False
Is 42064249 prime?
True
Is 1638859 composite?
True
Is 1846621 a prime number?
False
Is 13236947 a composite number?
False
Is 84845459 a prime number?
False
Is 1642103 prime?
False
Is 24548921 a prime number?
False
Is 9477614 prime?
False
Is 3683489 a prime number?
False
Is 33425833 prime?
False
Is 250837187 composite?
True
Is 348323 a composite number?
False
Is 5720423 a prime number?
True
Is 2132941 composite?
False
Is 6932281 composite?
False
Is 185755853 a prime number?
True
Is 7941269 a prime number?
False
Is 9161531 prime?
True
Is 240447611 a composite number?
False
Is 209997491 composite?
True
Is 516533 prime?
False
Is 52135423 prime?
True
Is 4046377 composite?
False
Is 303919933 prime?
False
Is 175537402 composite?
True
Is 283837 a composite number?
False
Is 79716509 composite?
False
Is 113983327 a composite number?
True
Is 2095273 a prime number?
False
Is 508068439 a composite number?
False
Is 20143153 prime?
True
Is 274768027 a prime number?
True
Is 86307877 prime?
True
Is 25860449 prime?
False
Is 1636751 composite?
False
Is 3780899 prime?
False
Is 246073 composite?
False
Is 6091915 composite?
True
Is 6937301 composite?
True
Is 97142989 prime?
True
Is 7013549 a composite number?
False
Is 1062031933 a prime number?
True
Is 1717273 a prime number?
False
Is 27681113 composite?
False
Is 49557953 comp